hat is the tens digit of g/48*(-2634)/2?
3
Suppose -34*v + 264672 = 8550. What is the hundreds digit of v?
5
Suppose -5*a = -4*g - 6 - 35, -5*g + 5 = 5*a. Suppose -i + 74 = -7*h + 9*h, h = -a. What is the units digit of i?
4
Let c = 44 + -45. Let z be (c/(-3))/(617/(-309) + 2). Let o = -39 + z. What is the tens digit of o?
6
Let a be -4 - -3 - 36/12. What is the hundreds digit of 3420/a*(-12)/30?
3
Let g = 88 - 90. Let o be 5 + (1 - (g - -5)). Suppose n - 1105 = -5*t, -5*t + 91 = o*n - 1004. What is the units digit of t?
2
Let x = 58 - 55. Suppose -3*o = 2*o + x*v + 12845, 5*o - v = -12865. What is the tens digit of (-9)/15 + o/(-20)?
2
What is the tens digit of ((-14356)/(-104)*-4 - (-2)/13)*-21?
9
Suppose -2 = 3*s + n - 5*n, s - 3*n = -4. Let v(c) = 3*c + 5 + 4*c**2 + 27 - 5 - s. What is the hundreds digit of v(-8)?
2
Suppose 2*m - 178 = 3*w, -w - 3*m = 7 + 34. What is the tens digit of 0 + (-16)/w - (-9418)/14?
7
Let c = 54 + -127. Suppose 0 = 8*r - 71*r + 1386. Let t = r - c. What is the tens digit of t?
9
What is the ten thousands digit of (64 - 66)*38754/(-4)?
1
Let a be ((-82)/5)/(2/(-5)). Let f = -45 + a. What is the units digit of 61*(-3 - (f - 0))?
1
Suppose -i + 6 - 4 = 0. Let w(r) = -9*r + 6. Let b be w(i). Let j = b + 117. What is the tens digit of j?
0
Suppose 5 = -9*r + 10*r. Suppose -r*p = -5*i + 24 - 4, -4 = -3*i - p. Suppose 82 + 32 = i*j. What is the tens digit of j?
5
Let p(t) = -t**3 + 11*t**2 + 20*t - 10. Let q be p(12). Suppose 2*l = -q + 234. What is the units digit of l?
4
Suppose 76047 = 5*a - 3*r, -4*a = 3*r - 39048 - 21768. What is the units digit of a?
7
Suppose -20*s = -5*s. Suppose s = -522*n + 537*n - 570. What is the units digit of n?
8
Let c = -128 - -70. Let n = c - -136. Suppose 81*y - n*y = 90. What is the units digit of y?
0
Let u = -81 + 84. Let i be 35/(-63)*u - (-2)/(-6). What is the units digit of 2/(-7 + 6)*208/i?
8
Let s(i) = -i**3 - 5*i**2 + 11*i + 30. Let x be s(-4). What is the units digit of ((-315)/(-525))/(-2*1/x)?
9
Suppose 14*m - 10625 = -11*m. Let p = 496 - m. What is the units digit of p?
1
Suppose -102 = -13*z - 180. Let s(i) = 9*i**2 + 8*i + 16. What is the tens digit of s(z)?
9
Let p(w) = w**2 + 40*w - 3. Let x be p(0). What is the units digit of (8/x)/(14/21) + 216?
2
Let s(m) = 2037*m**3 + 3*m**2 - 7*m + 7. What is the units digit of s(1)?
0
Let q be (-45)/(-30) - (-130)/4. Suppose 0 = -4*x + 26 - q. What is the hundreds digit of 176 + 1 + 2*(1 + x)?
1
Let n(l) = -l - 129. Let a be n(0). Let v = -291 + 142. Let g = a - v. What is the tens digit of g?
2
Let t be (-3015)/15*(-1)/(-3). Let l = 289 - 287. What is the units digit of t/((-2)/l) + (-8)/8?
6
Let o(c) = -c**3 + 87*c**2 + 127*c + 262. What is the tens digit of o(76)?
5
Let f = -2051 + 2054. Let x be (-11 - -2)/(6/40). What is the tens digit of (8/(-2) - x) + f?
5
Suppose 36*n - 53*n = 71*n - 878064. What is the units digit of n?
8
Let u = -59 + 62. Suppose i = m + u - 1, 5*i = m + 14. Suppose 0 = 3*g + 5*a - 266, i*a - 14 + 296 = 3*g. What is the tens digit of g?
9
Let s(d) = d**2 - 6*d - 402. Let a be s(0). Let k = a + 818. What is the tens digit of k?
1
Suppose 4*s - 32 = -4*y, 15*y + 3*s = 10*y + 30. Let o(p) = 7*p**2 + p + 1. Let r be o(-1). Suppose 78 = y*z - 5*w, r = 3*w + 16. What is the units digit of z?
1
Suppose -2*a = -4*v + 14, -2*a + 6 + 7 = 5*v. Suppose 0 = -v*h + h + 226. Let k = h + -58. What is the tens digit of k?
5
What is the hundreds digit of ((-42)/(-9))/((792/(-16686))/(-22))?
1
Suppose 3*a + 6 = -t + 21, 3*t + 5*a - 25 = 0. Suppose -3*k + 19 - 4 = t, -3*k - 378 = 3*c. Let y = c + 210. What is the tens digit of y?
7
Suppose 5*v - 3737 = -2*h, -h + 0*v + 1852 = -3*v. Suppose 6941 = 5*y + x, -3*y - x = -2302 - h. What is the thousands digit of y?
1
Let a = -30791 + 53800. What is the tens digit of a?
0
Suppose 2*t + 123 = z, -60*t + 260 = 2*z - 57*t. What is the hundreds digit of z?
1
Let p = 1198 - -4469. What is the tens digit of p?
6
Let p = -150 - -213. Let h be -1*30/35*-70. Let k = p - h. What is the units digit of k?
3
Suppose -21*r + 18*r + 126947 = 5*j, r = -2*j + 42314. What is the units digit of r?
4
Suppose 0 = -3*p - 3*k + 71310, 86*p - 2*k + 95080 = 90*p. What is the ten thousands digit of p?
2
What is the hundreds digit of 5 + ((-6)/(-4))/((-16)/32) + 1617?
6
Let h(n) = 28*n**2 - 71*n - 352. What is the tens digit of h(-19)?
0
Suppose 16*a = 17*a - 264. Suppose -79 = 2*t - 205. Suppose 60*w = t*w - a. What is the tens digit of w?
8
Let w(j) = -3*j**2 + 3*j - 5*j**2 + 4*j**2 + 3*j**2 - 3. Let g be w(2). What is the units digit of 2*g + 141 + -1?
8
Suppose -14*t + 15*t - 15895 = -w, 4*w - 5*t - 63553 = 0. What is the units digit of w?
2
Suppose -2*y - 22 = -2*q + 150, -5*q + 426 = -4*y. Suppose -86 + q = a. What is the units digit of (-3844)/93*(0 - (-6)/a)?
2
Let s(n) be the first derivative of n**4/4 - 4*n**3/3 - 2*n**2 + 20*n - 16. What is the units digit of s(6)?
8
Suppose 9*z - 3417232 = -392*z + 6394035. What is the hundreds digit of z?
4
Let a = 340 + -350. What is the units digit of (3 - 4 - 9)/(1/a)?
0
Let v = -1 - -9. Suppose v*m = 645 + 995. What is the tens digit of m?
0
Let i = 52 + -98. Let y = -42 - i. Suppose -4*z + 5*v + 210 = 0, -y*z - 2*v = 167 - 391. What is the tens digit of z?
5
Let s be 7*1 - (3 - (-7 - -11)). Suppose 0 = 14*h - s*h - 18. Suppose -3*q + 2*t = -27, -5*t + 12 - h = q. What is the units digit of q?
9
Let q = -48893 - -72991. What is the units digit of q?
8
Suppose -8*u = 6*u - 4*u. What is the tens digit of (-23200)/(-174) + (u - (-2)/(-6))?
3
Let u(p) = -257*p - 2 + 117*p**3 + 260*p - 33*p**3. Let g be u(1). Suppose -9*c + 23 = -g. What is the units digit of c?
2
Suppose 2488405 - 42637 = 201*f. What is the thousands digit of f?
2
Let t = 2303267 + -1617804. What is the units digit of 4/(-42) - t/(-903)?
9
Suppose 71*s - 292984 - 209057 = 0. What is the hundreds digit of s?
0
Suppose -3*x + 8 = -40. Suppose c - 2*d = 637, -c + x*d + 633 = 13*d. What is the tens digit of c?
4
Let j be 5394/(-248)*44/3. Let i = j - -573. What is the tens digit of i?
5
Suppose 0 = 2*f, -35*d + 17*d - 3522 = -19*d - 4*f. What is the thousands digit of d?
3
Suppose 144 = -3*g - 1296. What is the hundreds digit of 0 - 2 - g - -1?
4
Let h(d) = -99*d + 24. Let j be h(10). Let w = -622 - j. What is the hundreds digit of w?
3
Let i(y) = -11*y**2 + 28*y + 18. Let l(q) = -6*q**2 + 14*q + 9. Let j(m) = -4*i(m) + 7*l(m). Let u be ((-35)/5)/7*-11. What is the tens digit of j(u)?
7
Let w = 44 + -42. Suppose w*l - 2 = -4*q, -4*l + 2*q = 2 + 14. What is the units digit of (-302 - 0)*l/6?
1
Let c = 3 + -6. Let h = -1 - c. Let d(t) = 10*t**3 + 2*t**2 - 2*t + 2. What is the units digit of d(h)?
6
Suppose -2*i = 10*u - 32702, -14*i + 13072 = 4*u - 11*i. What is the thousands digit of u?
3
Let u = -20225 - -42146. What is the ten thousands digit of u?
2
Suppose 3*m + 60 = 15. Let x be 9/(-2)*(80/m - -4). What is the units digit of -2*x/3*94/(-8)?
7
Let z = 3958 + -1887. What is the tens digit of z?
7
Let b be -1 + (8 - (5 - 1)). Suppose 2*j + b*j = 55. Suppose j*k - 1887 = 610. What is the hundreds digit of k?
2
Suppose 3*h = -5*f + 321536, -4*f = 733*h - 731*h - 257232. What is the units digit of f?
2
Suppose -55*i + 56*i - 1292 = 0. Suppose -2*m + 6*s = 7*s - i, -5*m + 3235 = 5*s. What is the units digit of m?
5
Let u = -109033 + 155006. What is the hundreds digit of u?
9
Suppose -15*b = -33*b + 36. Suppose -4*y - 3*c + 1661 = 0, 0*y + b*c = -y + 414. What is the tens digit of y?
1
What is the units digit of (-2)/(723163/72317 - 10)?
2
Let o(i) = i**3 - 15*i**2 - 34*i + 8. Let u be o(17). What is the tens digit of (324/(-8) + u)/((-1)/14)?
5
Let d(z) = 22*z - 32*z - 5*z**2 + 8 + 16*z - 4*z**3. What is the hundreds digit of d(-4)?
1
Let g(d) be the first derivative of 13*d**4/2 + d**3/3 - 3*d**2 + 6*d - 199. What is the units digit of g(1)?
7
Suppose 0 = -5*q + 5*b + 70115, 4*b - 28040 = 78*q - 80*q. What is the hundreds digit of q?
0
Let v(s) = -s**3 + 8*s**2 + 10*s - 7. Let w be v(9). Let n be (w - -19) + (-4)/(-2). Suppose -n*x = -26*x + 564. What is the units digit of x?
8
What is the units digit of 3 + (24 + -18)*(-1481)/(-2) + -1?
5
Let u = -820 + 1636. Suppose 14*n - 18*n = -u. Suppos